- 34 = 2*h. Let j be -5 - (y + -6 - 8). Calculate k(j).
15
Let r = -208942 - -208957. Let g(u) be the first derivative of u**2/2 - 2*u - 2. What is g(r)?
13
Suppose 0 = 33*g + 70*g - 2013 - 1386. Let b(i) = 3*i - 72. What is b(g)?
27
Suppose 1094*q + 32 = 1102*q. Let z(r) = -r**3 + 8*r**2 - 8*r - 8. Determine z(q).
24
Let k = 3604 - 3602. Let r(j) be the first derivative of -8*j - 16 + 1/2*j**k. Determine r(8).
0
Let d = -50 + 54. Suppose -4*i + 2 = -5*x + 20, -5*x = d*i - 2. Let k(h) = 3*h - 2. Let m(t) = -7*t + 5. Let n(r) = -5*k(r) - 2*m(r). Calculate n(i).
2
Let d(p) = -3*p + 78. Let w(v) = -3*v + 89. Let f(q) = -10*d(q) + 8*w(q). Calculate f(11).
-2
Let b be (-6)/(-4) + (102/(-4))/(-17). Suppose -8*t - 8 = -l - 3*t, b*l - 36 = 3*t. Let r(d) = -d**3 + 14*d**2 - 14*d + 8. Give r(l).
-5
Let z = -1 + 6. Let r(k) = -6*k - 2*k**3 + 0*k + 0*k + k**3 + z*k**2. Let d be (-2 - -1)*(-15)/((-210)/(-56)). Calculate r(d).
-8
Let m(l) = -4*l + 58. Suppose 39*j = 62 + 679. Determine m(j).
-18
Let a(p) be the first derivative of -p**3/3 - 6*p**2 + 151*p + 3033. Calculate a(8).
-9
Suppose -3*h = 3*r - 6, h - 2*h - 5*r = 10. Suppose 3*w - 4*t - 9 = -3*t, 0 = h*w - t - 15. Let k(l) = l**2 + l - 1. What is k(w)?
11
Let o(k) = 30*k + 2. Let d be o(-3). Let t = -90 - d. Let u(r) = -r**2 - 3*r - 3. Let i be u(t). Let f(v) = -5*v**2 + 2*v + 1. What is f(i)?
-6
Suppose -14*q + 5*q = -45. Let p(w) = -3*w**3 - 6 - q - 4 + 17. Give p(-2).
26
Let k(l) be the third derivative of -l**6/60 - 7*l**5/30 - 11*l**4/24 + 7*l**3/6 - 4*l**2 + 23. Let i be k(-6). Let j(g) = 11*g - 1. Give j(i).
10
Let t(n) = 5*n + 22. Let i(m) = 12*m + 46. Suppose 7*a - 50 = 32*a. Let g(v) = a*i(v) + 5*t(v). Give g(-9).
9
Let k(p) = 2*p**3 - p**2 - 5*p + 1. Let v(l) = 33*l - 662. Let i be v(20). Determine k(i).
-9
Let h(w) = w**2 - w + 1. Suppose -9*a - 8*a + 4 = -13. Determine h(a).
1
Let i(k) = k - 6. Let s(q) be the first derivative of -13*q + 65 - 124 + 70 + q**2. Let l(m) = -13*i(m) + 6*s(m). Calculate l(3).
-3
Let o(w) be the third derivative of w**5/30 - w**4 - 2*w**3/3 - 301*w**2. Give o(13).
22
Let w(l) be the first derivative of -l**3/3 - l + 938. Determine w(-2).
-5
Suppose -12 = -0*z + 3*z. Let u(a) = 10*a**3 + 19*a**2 + 2*a - 4. Let w(o) = -8*o**3 - 16*o**2 - 3*o + 3. Let x(h) = -3*u(h) - 4*w(h). Give x(z).
-40
Suppose 7*k + 24 = 10. Let i(u) = 5608*u + 3*u**3 - 3*u**2 - 5610*u + 0*u**3 + 2*u**2 + 2*u**2 + 1. Calculate i(k).
-15
Let x be (-2 + 8/(-12))*108/(-16). Let n be 12/28 + x/(-42). Suppose 2*g + 3*m = n, -g = -6*g - m - 13. Let j(l) = -3*l - 1. Determine j(g).
8
Let j(c) = c**2 + 9*c - 5. Let u(i) be the second derivative of 17/6*i**3 - 5*i**2 - 10*i + 0 + 1/6*i**4. Let g(h) = -11*j(h) + 6*u(h). What is g(-4)?
-1
Let k(h) = -13*h - 5 - 288*h**3 - 7 + 20*h**2 + 287*h**3 - 14 - 5*h. What is k(19)?
-7
Suppose -107*o = -112*o - 53*o + 290. Let u(d) = d**3 - 5*d**2 + 15*d - 73. Determine u(o).
2
Let c(v) = -v**2 - 51*v + 494. Let p(g) = -g**2 - 50*g + 490. Let i(w) = 9*c(w) - 10*p(w). Determine i(-50).
-4
Suppose 0 = -2*r + 22 + 6. Let b = r + -11. Let z(i) = 2*i + 6*i + b*i - 9*i. Calculate z(3).
6
Let f be 712/6 - 0 - 28/42. Let w = f - 122. Let u(g) = g**3 + 4*g**2 + 3*g + 4. Calculate u(w).
-8
Let q(u) = -4 + u**3 + 9*u - 11*u + 3. Suppose -33*a = -36*a - 381. Let j = a - -125. What is q(j)?
-5
Let y(p) = -p + 8. Let q(l) = 4. Let d be (-3)/(-2)*(-16)/12. Let w(z) = d*y(z) + 5*q(z). Give w(-6).
-8
Let l = -230 + 750. Suppose 524*c = l*c. Let q(p) = 2*p + 3. Calculate q(c).
3
Let w(n) = -17*n + 2 + 10*n**2 + 10*n**2 - 32*n**2 + 15*n - n**3 + 7*n**2. Let u = -2 - 2. Give w(u).
-6
Let m(p) = -12*p - 7. Let q be (238/595)/((-10)/25). Calculate m(q).
5
Let z(r) = -r + 11. Let b = 110 - 108. Suppose 4*w - 16 = p - 3*p, b*w - 5*p - 20 = 0. Calculate z(w).
6
Suppose -s - 7 = u, -5*u = -78*s + 74*s - 28. Let a(w) = -w**3 - 8*w**2 + 3*w + 7. Give a(s).
-63
Let i(b) = -b**3 - 12*b**2 - 9*b + 13. Suppose -299 = -4*h - 43. Let j be (2 + 0)/(h/(-352)). Give i(j).
-9
Suppose -5*l + g - 13 = -g, 3*g = 2*l + 14. Let b(k) be the second derivative of 1/2*k**2 + 0 - 6*k - 5/6*k**3. What is b(l)?
6
Let l(i) be the second derivative of 3*i**5/20 - 2*i**4/3 - 5*i**3/2 + i**2 - 41*i + 18. Give l(4).
6
Suppose -186 = -37*q + 6*q. Let n(t) = 0 + 4*t - 4 - q + 19 + t**2 - 8. Determine n(5).
46
Let i(n) = 6*n**3 + 20*n**2 - 20*n + 9. Let v(g) = 17*g**3 + 59*g**2 - 59*g + 27. Let w(a) = 11*i(a) - 4*v(a). Determine w(-9).
9
Let b(d) = d**3 + d**2 - d - 1. Let m(l) = -l + 4. Let y be m(4). Let n = -125 - -125. Suppose y*s - s + 2 = n. Determine b(s).
9
Let j(d) = d**2 + 4*d - 11. Let g be j(-8). Suppose 7*w + 0*w - g = 0. Let r(t) = -5*t + 98 - w*t**2 + 2*t + 2*t**2 - 92. What is r(-5)?
-4
Let u = 8399 - 8403. Let a(y) = -y**3 - y**2 + y + 1. Let w(h) = 4*h**3 + 8*h**2 - h - 8. Let n(k) = -3*a(k) - w(k). Calculate n(u).
-3
Let m(y) = -35*y**3 + 1308*y + 5*y**2 - 1308*y - 6*y**2. Suppose 13*o - 2*o = -11. Calculate m(o).
34
Let l be (52/8)/(8/64). Let z(j) = j**2 - 2 - 51*j - 49*j - l*j + 158*j. Let a(g) = -g. Let s be a(4). What is z(s)?
-10
Let r(s) = -5*s**2 - 2*s - 4. Let g(a) = 2*a**3 - 9*a**2 - 25*a + 40. Let w be g(6). Determine r(w).
-20
Let v(w) be the first derivative of w**2/2 - 16*w - 462. Determine v(24).
8
Let t(q) = -9*q + 58. Let m be ((-30)/18)/((-40)/144). Determine t(m).
4
Let w(n) = n**3 - 22*n**2 + 1. Suppose 0 = c + 9*g - 67, c - 32 = -0*g - 2*g. What is w(c)?
1
Let a(h) = -7 + 367*h - 4 - 27 - 366*h. Calculate a(3).
-35
Let a(s) = s**3 - 3*s**2 - 6*s - 3. Let v be (15/(-30))/(1/(-8)). Determine a(v).
-11
Let d(j) = 26*j**3 + j**2 - j - 11. Let p(h) = -7*h**3 + 2. Let g(w) = d(w) + 6*p(w). Let v be -1 - (-4)/(-2 + 4). What is g(v)?
-15
Suppose 5*r + 55 = 4*y + y, -5*y + 3*r = -51. Let i(p) = 1 + 11 + 322*p - 323*p. Determine i(y).
3
Let p(a) = 22*a + 10. Let q(c) = 8*c - 18. Let z be q(3). Let h(f) = 6 - 3 + z*f + f. Let g(j) = -16*h(j) + 5*p(j). What is g(6)?
-10
Let i(f) = 12*f + 24. Suppose -14*j + y - 4 = -12*j, -4*y = -4*j - 8. What is i(j)?
0
Let g(x) = x**2 + 3. Let w(u) = 6*u**2 - 22*u + 12. Let n(q) = 2*g(q) - w(q). Calculate n(5).
4
Let l(m) = m**3 - 2*m**2 - 5*m. Suppose 2*p = -0*p + 6. Suppose 0 = 4*z + p*d + 14, -2*z + 4*d = -0*z - 4. Let q be (-50)/(-15) - z/3. Give l(q).
12
Let a(o) = -o**3 + 5*o**2 - 2*o - 2. Let k(z) = -30*z**3 - z**2 - 2*z + 3. Let u be k(1). Let n be (0 + -2)*45/u + -1. Determine a(n).
6
Let i(z) be the second derivative of -2*z**5/5 - 47*z**2 - 111*z. Let l(k) be the first derivative of i(k). Calculate l(-1).
-24
Let i(w) be the third derivative of w**4/8 - w**3/6 + w**2 + 165. Calculate i(-4).
-13
Let o(k) = -k**3 + 8*k**2 - 9*k + 2. Suppose -19*s = -1658 + 1525. What is o(s)?
-12
Let n(o) = 3 + 0*o**2 + 4*o**2 + 5 - 7 - 2*o + 6*o. What is n(-2)?
9
Let u(d) = -6*d**2 - d - 4. Let y(x) = 25*x**2 + 5*x + 17. Let m(n) = -9*u(n) - 2*y(n). Let c be m(0). Let g(b) = -6*b + 2. What is g(c)?
-10
Let k = -1 - -1. Let y(r) = 964 - 971 + 2*r + 2*r + r**2 + k*r. Calculate y(-5).
-2
Let f(h) be the third derivative of -23*h**4/24 - 9*h**3/2 + 3222*h**2. Give f(-1).
-4
Let i(j) = 71*j**2 - 23*j - 72*j**2 - 13*j + 30*j - 9. Let o(q) be the second derivative of q**4/12 - 11*q**3/6 + 2*q**2 - 2*q. Let z be o(10). What is i(z)?
-9
Let x(m) = m**3 + 31*m**2 + 185*m + 411. Let l be x(-24). Let s(v) be the first derivative of -v**3/3 + 5*v**2/2 - 4*v + 1. Determine s(l).
2
Let y = -840 + 838. Let o(j) = 8*j**2 - 6*j + 1. Let z(c) = -32*c**2 + 26*c - 5. Let p(i) = -9*o(i) - 2*z(i). Determine p(y).
-35
Let l(x) = -x**2 - 10*x + 5. Let s(a) = 19*a - 10. Let z(w) = 2*l(w) + s(w). Let u(m) = -m**2 - 4*m - 2. Let y be u(-4). Give z(y).
-6
Suppose 5261 - 5884 = -89*o. Suppose -3*r = -r - 16. Let k(j) = -j**3 + r*j**2 - 1 - j**2 + 6 + 0*j**3 + j. What is k(o)?
12
Let m(n) be the first derivative of 29 + 7/3*n**3 + 5/2*n**2 + 1/4*n**4 - 3*n. What is m(-6)?
3
Let h(f) = -552*f - 40 + 170*f + 2*f**2 + 180*f + 177*f. Give h(14).
2
Let f(i) = 1 + 9*i + 4 - 12 + i**2. Let b be f(-10). Let m(c) = -1 + 1 + b*c - 1 + 3. What is m(-3)?
-7
Let v(i) = -i**3 - 2*i**2 + 7*i + 9. Let z = -12343 - -12340. Calculate v(z).
-3
Suppose 46*t + 50*t = 2688. Let p(l) = 4*l - 129. What is p(t)?
-